{"id":369,"date":"2025-07-29T13:26:28","date_gmt":"2025-07-29T16:26:28","guid":{"rendered":"https:\/\/emeiefprada.com.br\/?page_id=369"},"modified":"2025-07-29T13:33:39","modified_gmt":"2025-07-29T16:33:39","slug":"apm","status":"publish","type":"page","link":"https:\/\/emeiefprada.com.br\/?page_id=369","title":{"rendered":"APM"},"content":{"rendered":"\n<div class=\"wp-block-cover is-light\"><img fetchpriority=\"high\" decoding=\"async\" width=\"1024\" height=\"854\" class=\"wp-block-cover__image-background wp-image-370 size-large\" alt=\"\" src=\"https:\/\/emeiefprada.com.br\/wp-content\/uploads\/2025\/07\/Gemini_Generated_Image_hxm4pnhxm4pnhxm4-1024x854.png\" data-object-fit=\"cover\" srcset=\"https:\/\/emeiefprada.com.br\/wp-content\/uploads\/2025\/07\/Gemini_Generated_Image_hxm4pnhxm4pnhxm4-1024x854.png 1024w, https:\/\/emeiefprada.com.br\/wp-content\/uploads\/2025\/07\/Gemini_Generated_Image_hxm4pnhxm4pnhxm4-300x250.png 300w, https:\/\/emeiefprada.com.br\/wp-content\/uploads\/2025\/07\/Gemini_Generated_Image_hxm4pnhxm4pnhxm4-768x640.png 768w, https:\/\/emeiefprada.com.br\/wp-content\/uploads\/2025\/07\/Gemini_Generated_Image_hxm4pnhxm4pnhxm4-1536x1280.png 1536w, https:\/\/emeiefprada.com.br\/wp-content\/uploads\/2025\/07\/Gemini_Generated_Image_hxm4pnhxm4pnhxm4.png 2048w\" sizes=\"(max-width: 1024px) 100vw, 1024px\" \/><span aria-hidden=\"true\" class=\"wp-block-cover__background has-background-dim\" style=\"background-color:#a3948a\"><\/span><div class=\"wp-block-cover__inner-container has-global-padding is-layout-constrained wp-block-cover-is-layout-constrained\">\n<p class=\"has-text-align-center has-large-font-size\">COLEGIADOS<\/p>\n<\/div><\/div>\n\n\n\n<h1 class=\"wp-block-heading has-xx-large-font-size\"><strong>Quero Colaborar<\/strong><\/h1>\n\n\n\n<hr class=\"wp-block-separator has-alpha-channel-opacity\"\/>\n\n\n\n<h1 class=\"wp-block-heading\"><strong>Como Contribuir<\/strong><\/h1>\n\n\n\n<p class=\"has-alter-color has-secondary-background-color has-text-color has-background has-link-color wp-elements-5fba47757072f8165869059db81091e4\">H\u00e1 quase oitenta anos Agostinho Prada construiu essa escola e a doou para o nosso Munic\u00edpio. Agora, voc\u00ea pode juntar-se-se a n\u00f3s nessa miss\u00e3o de construir um futuro mais brilhante para a EMEIEF PRADA e para todos os nossos alunos! Sua participa\u00e7\u00e3o \u00e9 essencial.<\/p>\n\n\n\n<blockquote class=\"wp-block-quote is-layout-flow wp-block-quote-is-layout-flow\">\n<p><\/p>\n<\/blockquote>\n\n\n\n<p class=\"has-alter-color has-secondary-background-color has-text-color has-background has-link-color wp-elements-59bdd4a1272c970053a490df68860d45\">\u00c9 muito f\u00e1cil apoiar a EMEIEF PRADA. Se voc\u00ea deseja <strong>contribuir financeiramente<\/strong> ou com <strong>recursos pedag\u00f3gicos e materiais<\/strong>, basta entrar em contato com a escola. Voc\u00ea ou sua empresa pode ser um patrocinador de nossos projetos e a\u00e7\u00f5es cotidianas ou um benfeitor &#8220;an\u00f4nimo&#8221;, se preferir.<\/p>\n\n\n\n<p class=\"has-luminous-vivid-amber-background-color has-background\">Para <strong>doa\u00e7\u00f5es via PIX<\/strong>, a chave \u00e9 o <strong>CNPJ da APM da EMEIEF PRADA<\/strong>: <strong>49.400.575\/0001-90 (Caixa Econ\u00f4mica Federal)<\/strong>.<\/p>\n\n\n\n<h1 class=\"wp-block-heading\">Juntos Pela EMEIEF PRADA: Construindo um Futuro Melhor para Nossos Alunos!<\/h1>\n\n\n\n<p>Na <strong>EMEIEF PRADA<\/strong>, acreditamos que a educa\u00e7\u00e3o de qualidade se constr\u00f3i com a for\u00e7a da comunidade. \u00c9 por isso que contamos com o apoio fundamental dos <strong>colegiados de Pais, Professores e Funcion\u00e1rios<\/strong>, que se organizam de forma atuante no <strong>Conselho de Escola<\/strong> e na <strong>Associa\u00e7\u00e3o de Pais e Mestres (APM)<\/strong>.<\/p>\n\n\n\n<p>Esses colegiados s\u00e3o o apoio e o propulsor da nossa gest\u00e3o escolar. Com diretorias eleitas a cada dois anos \u2013 e com a possibilidade de prorroga\u00e7\u00e3o do mandato por mais dois \u2013, eles se re\u00fanem <strong>trimestralmente<\/strong>, ou sempre que a necessidade surge, para discutir e definir os rumos da nossa escola. Al\u00e9m disso, <strong>duas vezes ao ano<\/strong>, realizamos <strong>Assembleias Gerais<\/strong> para as quais convocamos <strong>todos os pais ou respons\u00e1veis<\/strong>, garantindo a participa\u00e7\u00e3o de todos nas decis\u00f5es importantes.<\/p>\n\n\n\n<h1 class=\"wp-block-heading\">Como a APM AJUDA A TransformaR Nossa Escola<\/h1>\n\n\n\n<p>A <strong>APM<\/strong> \u00e9 a nossa grande parceira no <strong>planejamento e execu\u00e7\u00e3o de a\u00e7\u00f5es volunt\u00e1rias<\/strong> que trazem benef\u00edcios diretos para a escola e para o desenvolvimento dos nossos alunos. Seja na <strong>manuten\u00e7\u00e3o e melhorias<\/strong> da infraestrutura, seja no <strong>enriquecimento do processo pedag\u00f3gico<\/strong>, a APM trabalha para proporcionar um ambiente de aprendizado cada vez melhor. \u00c9 pela contribui\u00e7\u00e3o financeira dos pais ou respons\u00e1veis e parcerias com o Governo Municipal e Federal que obtemos recursos para a manuten\u00e7\u00e3o predial, de materiais pedag\u00f3gicos, mobili\u00e1rios, a\u00e7\u00f5es culturais e pedag\u00f3gicas.<\/p>\n\n\n\n<h1 class=\"wp-block-heading\">Sua Ajuda Faz a Diferen\u00e7a!<\/h1>\n\n\n\n<p class=\"has-alter-color has-secondary-background-color has-text-color has-background has-link-color wp-elements-6f091fd6daf4a63396dc5d93e2d7f852\">Nossa escola prospera com a <strong>colabora\u00e7\u00e3o espont\u00e2nea das fam\u00edlias<\/strong>, seja por meio de <strong>doa\u00e7\u00f5es financeiras<\/strong> ou da participa\u00e7\u00e3o em <strong>a\u00e7\u00f5es volunt\u00e1rias<\/strong>. Mas a porta est\u00e1 aberta para todos que desejam somar! <strong>Empresas e &#8220;padrinhos&#8221;<\/strong> tamb\u00e9m podem apoiar a EMEIEF PRADA, contribuindo para a nossa causa.<\/p>\n\n\n\n<p class=\"has-luminous-vivid-amber-background-color has-background\"><strong>Queremos convid\u00e1-lo a fazer parte dessa rede de apoio!<\/strong> Sua contribui\u00e7\u00e3o, por menor que seja, tem um impacto gigante na vida dos nossos estudantes.<\/p>\n\n\n\n<h3 class=\"wp-block-heading\"><\/h3>\n","protected":false},"excerpt":{"rendered":"<p>Quero Colaborar Como Contribuir H\u00e1 quase oitenta anos Agostinho Prada construiu essa escola e a doou para o nosso Munic\u00edpio. Agora, voc\u00ea pode juntar-se-se a n\u00f3s nessa miss\u00e3o de construir um futuro mais brilhante para a EMEIEF PRADA e para todos os nossos alunos! Sua participa\u00e7\u00e3o \u00e9 essencial. \u00c9 muito f\u00e1cil apoiar a EMEIEF PRADA.&hellip;<\/p>\n","protected":false},"author":1,"featured_media":0,"parent":0,"menu_order":0,"comment_status":"closed","ping_status":"closed","template":"","meta":{"footnotes":""},"class_list":["post-369","page","type-page","status-publish","hentry"],"_links":{"self":[{"href":"https:\/\/emeiefprada.com.br\/index.php?rest_route=\/wp\/v2\/pages\/369","targetHints":{"allow":["GET"]}}],"collection":[{"href":"https:\/\/emeiefprada.com.br\/index.php?rest_route=\/wp\/v2\/pages"}],"about":[{"href":"https:\/\/emeiefprada.com.br\/index.php?rest_route=\/wp\/v2\/types\/page"}],"author":[{"embeddable":true,"href":"https:\/\/emeiefprada.com.br\/index.php?rest_route=\/wp\/v2\/users\/1"}],"replies":[{"embeddable":true,"href":"https:\/\/emeiefprada.com.br\/index.php?rest_route=%2Fwp%2Fv2%2Fcomments&post=369"}],"version-history":[{"count":4,"href":"https:\/\/emeiefprada.com.br\/index.php?rest_route=\/wp\/v2\/pages\/369\/revisions"}],"predecessor-version":[{"id":378,"href":"https:\/\/emeiefprada.com.br\/index.php?rest_route=\/wp\/v2\/pages\/369\/revisions\/378"}],"wp:attachment":[{"href":"https:\/\/emeiefprada.com.br\/index.php?rest_route=%2Fwp%2Fv2%2Fmedia&parent=369"}],"curies":[{"name":"wp","href":"https:\/\/api.w.org\/{rel}","templated":true}]}}