{"id":224,"date":"2025-07-03T17:32:37","date_gmt":"2025-07-03T20:32:37","guid":{"rendered":"http:\/\/emeiefprada.com.br\/?page_id=224"},"modified":"2026-01-06T14:10:17","modified_gmt":"2026-01-06T17:10:17","slug":"informacoes-gerais","status":"publish","type":"page","link":"https:\/\/emeiefprada.com.br\/?page_id=224","title":{"rendered":"INFORMA\u00c7\u00d5ES GERAIS"},"content":{"rendered":"\n<hr class=\"wp-block-separator has-alpha-channel-opacity\"\/>\n\n\n\n<div class=\"wp-block-media-text is-stacked-on-mobile has-outline-background-color has-background\"><figure class=\"wp-block-media-text__media\"><img fetchpriority=\"high\" decoding=\"async\" width=\"1024\" height=\"797\" src=\"https:\/\/emeiefprada.com.br\/wp-content\/uploads\/2025\/07\/Gemini_Generated_Image_u0t3phu0t3phu0t3-1-1024x797.png\" alt=\"\" class=\"wp-image-265 size-full\" srcset=\"https:\/\/emeiefprada.com.br\/wp-content\/uploads\/2025\/07\/Gemini_Generated_Image_u0t3phu0t3phu0t3-1-1024x797.png 1024w, https:\/\/emeiefprada.com.br\/wp-content\/uploads\/2025\/07\/Gemini_Generated_Image_u0t3phu0t3phu0t3-1-300x233.png 300w, https:\/\/emeiefprada.com.br\/wp-content\/uploads\/2025\/07\/Gemini_Generated_Image_u0t3phu0t3phu0t3-1-768x597.png 768w, https:\/\/emeiefprada.com.br\/wp-content\/uploads\/2025\/07\/Gemini_Generated_Image_u0t3phu0t3phu0t3-1-1536x1195.png 1536w, https:\/\/emeiefprada.com.br\/wp-content\/uploads\/2025\/07\/Gemini_Generated_Image_u0t3phu0t3phu0t3-1.png 2048w\" sizes=\"(max-width: 1024px) 100vw, 1024px\" \/><\/figure><div class=\"wp-block-media-text__content\">\n<p><strong>Justificativa de Aus\u00eancias:<\/strong><\/p>\n\n\n\n<p>&#8220;A educa\u00e7\u00e3o \u00e9 a arma mais poderosa que voc\u00ea pode usar para mudar o mundo&#8221; (<strong>Nelson Mandela<\/strong>). Cada dia na escola aproxima seu(sua) filho(a) dessa mudan\u00e7a, construindo um futuro brilhante. O lugar do seu(sua) filho(a) \u00e9 aqui, aprendendo e crescendo! Evite que ele(a) falte, mas se precisar, use o formul\u00e1rio abaixo para justificar as aus\u00eancias escolares.<\/p>\n\n\n\n<div class=\"wp-block-buttons is-layout-flex wp-block-buttons-is-layout-flex\">\n<div class=\"wp-block-button\"><a class=\"wp-block-button__link wp-element-button\" href=\"https:\/\/forms.gle\/wSo7wV4uWtH2f43f6\">JUSTIFICATIVA DE FALTAS<\/a><\/div>\n<\/div>\n<\/div><\/div>\n\n\n\n<hr class=\"wp-block-separator has-alpha-channel-opacity\"\/>\n\n\n\n<h2 class=\"wp-block-heading has-text-align-center has-luminous-vivid-amber-background-color has-background\">ROLE A P\u00c1GINA PARA INFORMA\u00c7\u00d5ES SOBRE MATR\u00cdCULAS NOVAS, TRANSFER\u00caNCIAS, UNIFORME E TRANSPORTE ESCOLAR<\/h2>\n\n\n\n<hr class=\"wp-block-separator has-alpha-channel-opacity\"\/>\n\n\n\n<div class=\"wp-block-cover is-light\"><img decoding=\"async\" width=\"1600\" height=\"1200\" class=\"wp-block-cover__image-background wp-image-220 size-full\" alt=\"\" src=\"https:\/\/emeiefprada.com.br\/wp-content\/uploads\/2025\/07\/Imagem-do-WhatsApp-de-2024-12-12-as-12.47.32_c6fe1d8e.jpg\" data-object-fit=\"cover\" srcset=\"https:\/\/emeiefprada.com.br\/wp-content\/uploads\/2025\/07\/Imagem-do-WhatsApp-de-2024-12-12-as-12.47.32_c6fe1d8e.jpg 1600w, https:\/\/emeiefprada.com.br\/wp-content\/uploads\/2025\/07\/Imagem-do-WhatsApp-de-2024-12-12-as-12.47.32_c6fe1d8e-300x225.jpg 300w, https:\/\/emeiefprada.com.br\/wp-content\/uploads\/2025\/07\/Imagem-do-WhatsApp-de-2024-12-12-as-12.47.32_c6fe1d8e-1024x768.jpg 1024w, https:\/\/emeiefprada.com.br\/wp-content\/uploads\/2025\/07\/Imagem-do-WhatsApp-de-2024-12-12-as-12.47.32_c6fe1d8e-768x576.jpg 768w, https:\/\/emeiefprada.com.br\/wp-content\/uploads\/2025\/07\/Imagem-do-WhatsApp-de-2024-12-12-as-12.47.32_c6fe1d8e-1536x1152.jpg 1536w\" sizes=\"(max-width: 1600px) 100vw, 1600px\" \/><span aria-hidden=\"true\" class=\"wp-block-cover__background has-background-dim\" style=\"background-color:#898685\"><\/span><div class=\"wp-block-cover__inner-container has-global-padding is-layout-constrained wp-block-cover-is-layout-constrained\">\n<p class=\"has-text-align-center has-base-color has-text-color has-link-color has-large-font-size wp-elements-84e64d40e46a385e1537a3daf0b7d6d4\">MATR\u00cdCULAS E TRANSFER\u00caNCIAS<\/p>\n\n\n\n<div class=\"wp-block-buttons is-layout-flex wp-block-buttons-is-layout-flex\"><\/div>\n<\/div><\/div>\n\n\n\n<div class=\"wp-block-group has-global-padding is-layout-constrained wp-block-group-is-layout-constrained\">\n<h2 class=\"wp-block-heading has-text-align-center has-luminous-vivid-amber-background-color has-background\"><strong>Matr\u00edculas Novas<\/strong><\/h2>\n<\/div>\n\n\n\n<p class=\"has-alter-color has-hover-background-color has-text-color has-background has-link-color wp-elements-7e7bedd47efe5b13fdf5a182bcc008ac\"><strong>1\u00aa Etapa da Educa\u00e7\u00e3o Infantil ou 1\u00ba ano do Ensino Fundamental:<\/strong> procure uma escola p\u00fablica e solicite o cadastro de matr\u00edcula de aluno &#8220;Fora da Rede&#8221;. O Sistema SED buscar\u00e1 uma vaga dispon\u00edvel na escola mais pr\u00f3xima do seu endere\u00e7o.<\/p>\n\n\n\n<p>Caso seu(sua) filho esteja concluindo a 2\u00aa Etapa da Educa\u00e7\u00e3o Infantil numa Creche Municipal, Bolsa Creche ou EMEI, ao final do ano ser\u00e1 indicada uma vaga na escola municipal mais pr\u00f3xima de seu endere\u00e7o. A escola de origem (onde a crian\u00e7a est\u00e1 matriculada) passar\u00e1 as informa\u00e7\u00f5es de onde h\u00e1 a vaga reservada, voc\u00ea deve comparecer \u00e0 escola indicada para confirmar e efetivar a matr\u00edcula.<\/p>\n\n\n\n<div class=\"wp-block-group has-global-padding is-layout-constrained wp-block-group-is-layout-constrained\">\n<h2 class=\"wp-block-heading has-text-align-center has-luminous-vivid-amber-background-color has-background\"><strong>Transfer\u00eancia entre escolas da Rede P\u00fablica &#8211; para alunos do Ensino Fundamental 1\u00ba ao 5\u00ba ano:<\/strong><\/h2>\n<\/div>\n\n\n\n<ul class=\"wp-block-list\">\n<li><strong>Transfer\u00eancia por mudan\u00e7a de endere\u00e7o<\/strong> &#8211; dirija-se a uma escola p\u00fablica com seu comprovante de endere\u00e7o atualizado e solicite o cadastro de transfer\u00eancia por deslocamento. A escola cadastrar\u00e1 seu pedido e atualizar\u00e1 o seu endere\u00e7o, o &#8220;Sistema Secretaria Escolar Digital&#8221; do Estado de S\u00e3o Paulo (Sistema SED) buscar\u00e1 uma escola que tenha vaga dispon\u00edvel na regi\u00e3o do novo endere\u00e7o cadastrado.<\/li>\n\n\n\n<li><strong>Transfer\u00eancia por Inten\u00e7\u00e3o de vaga (em escola de seu interesse)<\/strong> &#8211; dirija-se a uma escola p\u00fablica e solicite o registro do pedido de inten\u00e7\u00e3o de transfer\u00eancia, com ou sem mudan\u00e7a de endere\u00e7o. Voc\u00ea indicar\u00e1 de uma a tr\u00eas escolas de sua prefer\u00eancia. Toda semana o Sistema SED buscar\u00e1 vaga dispon\u00edvel nas escolas cadastradas. At\u00e9 que a nova matr\u00edcula seja confirmada, o aluno dever\u00e1 frequentar a escola de origem.<\/li>\n<\/ul>\n\n\n\n<hr class=\"wp-block-separator has-alpha-channel-opacity\"\/>\n\n\n\n<p class=\"has-base-color has-secondary-background-color has-text-color has-background has-link-color wp-elements-02ee8053a96fe8c90c274c2bc137aef9\">Toda semana o Sistema SED \u00e9 atualizado, buscando uma vaga para as crian\u00e7as cadastradas (a busca ser\u00e1 na escola, com vaga dispon\u00edvel, mais pr\u00f3xima do seu endere\u00e7o, at\u00e9 2Km). Voc\u00ea poder\u00e1 acompanhar o pedido pelo QR Code do documento que a escola que cadastrar sua solicita\u00e7\u00e3o de transfer\u00eancia te entregar\u00e1 ou voc\u00ea pode telefonar na escola para confirmar.<\/p>\n\n\n\n<p class=\"has-secondary-background-color has-background has-medium-font-size\"><sub><mark style=\"background-color:rgba(0, 0, 0, 0);color:#ffffff\" class=\"has-inline-color\">Lembre-se: Caso voc\u00ea solicite a transfer\u00eancia por &#8220;interesse de vaga = inten\u00e7\u00e3o de transfer\u00eancia&#8221;, o SISTEMA SED poder\u00e1 demorar mais para encontrar. At\u00e9 que surja uma vaga na escola de sua prefer\u00eancia, a crian\u00e7a deve continuar estudando na escola de origem (atual).<\/mark><\/sub><\/p>\n\n\n\n<hr class=\"wp-block-separator has-alpha-channel-opacity\"\/>\n\n\n\n<h2 class=\"wp-block-heading has-text-align-center has-luminous-vivid-amber-background-color has-background\"><strong>Transfer\u00eancia entre Escolas da Rede P\u00fablica &#8211; para alunos da Educa\u00e7\u00e3o Infantil<\/strong><\/h2>\n\n\n\n<ul class=\"wp-block-list\">\n<li><strong>Para transfer\u00eancia entre creches e escolas da Rede P\u00fablica Municipal <\/strong>&#8211; dirija-se \u00e0 Unidade Educacional onde a crian\u00e7a estuda e solicite o registro da Inten\u00e7\u00e3o de Transfer\u00eancia &#8211; o Sistema Municipal buscar\u00e1 vaga nas escolas ou creches da sua regi\u00e3o e entrar\u00e1 em contato por telefone para confirmar a transfer\u00eancia.<\/li>\n\n\n\n<li><strong>Para crian\u00e7as com quatro anos completos,<\/strong> <strong>para transfer\u00eancia de escola privada, outro munic\u00edpio ou matr\u00edcula de crian\u00e7a que ainda n\u00e3o esteja estudando<\/strong>, procure uma escola ou creche e solicite o cadastro para matr\u00edcula.<\/li>\n\n\n\n<li><strong>Para cadastro para vaga em Creche<\/strong> &#8211; acesse o site da Secretaria Municipal de Educa\u00e7\u00e3o e efetue o cadastro. Voc\u00ea pode acessar o site, <a href=\"https:\/\/sme.limeira.sp.gov.br\/inscricao_creche.php?matricula=creche#BLOQUEIO\">clicando aqui.<\/a><\/li>\n<\/ul>\n\n\n\n<hr class=\"wp-block-separator has-alpha-channel-opacity\"\/>\n\n\n\n<figure class=\"wp-block-table\"><table class=\"has-base-color has-secondary-background-color has-text-color has-background has-link-color has-fixed-layout\"><tbody><tr><td><strong>DOCUMENTOS NECESS\u00c1RIOS PARA EFETIVA\u00c7\u00c3O DE MATR\u00cdCULA<\/strong> <strong>NA EMEIEF PRADA<\/strong><br>*** <em>A matr\u00edcula somente poder\u00e1 ser realizada pelo respons\u00e1vel legal pela crian\u00e7a.<\/em><\/td><\/tr><tr><td>C\u00f3pia da certid\u00e3o de nascimento;<br>&#8211; c\u00f3pia de RG e CPF da crian\u00e7a (se tiver);<br>&#8211; c\u00f3pia da carteira de vacina\u00e7\u00e3o;<br>&#8211; c\u00f3pia de cart\u00e3o do SUS da crian\u00e7a;<br>&#8211; c\u00f3pia do comprovante de resid\u00eancia e original;<br>&#8211; c\u00f3pia do RG e CPF dos pais ou respons\u00e1veis legais;<br>&#8211; 1 foto 3&#215;4;<br>&#8211; laudos m\u00e9dicos  e relat\u00f3rios de especialistas (se a crian\u00e7a necessitar de Atendimento Educacional Especializado). &nbsp; <br>* Em caso de restri\u00e7\u00e3o judicial, trazer Termo de Guarda\/documento judicial. <strong>&nbsp;&nbsp;&nbsp;&nbsp;&nbsp;&nbsp;&nbsp;&nbsp;&nbsp;&nbsp;&nbsp;&nbsp;&nbsp;&nbsp;&nbsp;&nbsp;&nbsp;&nbsp;&nbsp;&nbsp;&nbsp;&nbsp;&nbsp;&nbsp;&nbsp;&nbsp;&nbsp;&nbsp;&nbsp;&nbsp;&nbsp;&nbsp;&nbsp;&nbsp;&nbsp;&nbsp;&nbsp;&nbsp; <\/strong><\/td><\/tr><tr><td><strong>Hor\u00e1rio de matr\u00edculas: das 8:00h \u00e0s 16:00h<\/strong> Telefone: (19) 3441-2519 WhatsApp: (19) 3451-6558<\/td><\/tr><\/tbody><\/table><\/figure>\n\n\n\n<hr class=\"wp-block-separator has-alpha-channel-opacity\"\/>\n\n\n\n<h2 class=\"wp-block-heading has-text-align-center has-luminous-vivid-amber-background-color has-background\">TRANSFER\u00caNCIA PARA O SEXTO ANO PARA REDE ESTADUAL<\/h2>\n\n\n\n<p class=\"has-base-color has-secondary-background-color has-text-color has-background has-link-color wp-elements-b55501399523869e8e21d22ec7980ec1\">Todas as crian\u00e7as matriculadas na EMEIEF Prada ter\u00e3o sua vaga para o sexto ano garantida em uma Escola P\u00fablica Estadual de Limeira. A indica\u00e7\u00e3o de vaga ser\u00e1 autom\u00e1tica, pelo Sistema SED.<\/p>\n\n\n\n<p>O Sistema  SED garantir\u00e1 uma vaga numa escola at\u00e9 2KM do endere\u00e7o cadastrado ou far\u00e1 a oferta de transporte escolar (caso n\u00e3o haja escola na regi\u00e3o de moradia do estudante). At\u00e9 o m\u00eas de agosto, os pais ou respons\u00e1veis pelos alunos matriculados atualmente no 5\u00ba ano devem atualizar o seu endere\u00e7o (caso tenham se mudado recentemente) e indicar se t\u00eam prefer\u00eancia pelo Turno Integral no 6\u00ba ano. Tamb\u00e9m deve informar se a crian\u00e7a tem irm\u00e3os estudando em alguma Escola Estadual do 6\u00ba ao 9\u00ba ano ou Ensino M\u00e9dio.<\/p>\n\n\n\n<p>Caso, a crian\u00e7a tenha recentemente recebido algum diagn\u00f3stico de defici\u00eancia ou transtorno do desenvolvimento que requeiram acompanhante escolar ou adapta\u00e7\u00e3o curricular, deve apresentar os documentos para atualizar seu cadastro de matr\u00edcula, ter sua matr\u00edcula no AEE (Atendimento Educacional Especializado) garantida ainda no 5\u00ba ano e para poder receber os devidos apoios, no sexto ano, nos Programas de Inclus\u00e3o do Estado.<\/p>\n\n\n\n<p class=\"has-base-color has-secondary-background-color has-text-color has-background has-link-color wp-elements-c90edb96f49198a4c755c1b366ccfb98\">Em meados de novembro\/dezembro, a Escola Prada informar\u00e1 \u00e0s fam\u00edlias em qual escola o(a) estudante tem sua vaga garantida no 6\u00ba ano. Depois disso, a fam\u00edlia dever\u00e1 se dirigir \u00e0 escola indicada e confirmar a matr\u00edcula. Depois de confirmar a matr\u00edcula, caso a fam\u00edlia tenha inten\u00e7\u00e3o de transferir para outra Escola Estadual dever\u00e1 aguardar o per\u00edodo de transfer\u00eancias que ser\u00e1 indicado pela Secretaria Estadual de Educa\u00e7\u00e3o.<\/p>\n\n\n\n<hr class=\"wp-block-separator has-alpha-channel-opacity\"\/>\n\n\n\n<h2 class=\"wp-block-heading has-text-align-center has-luminous-vivid-amber-background-color has-background\">TRANSFER\u00caNCIA PARA O SEXTO ANO PARA ESCOLAs PRIVADAs ou outros munic\u00edpios<\/h2>\n\n\n\n<p>A fam\u00edlia deve buscar a escola desejada e consultar a disponibilidade de vaga. A escola dever\u00e1 fornecer uma declara\u00e7\u00e3o de reserva de vaga. Essa declara\u00e7\u00e3o deve ser entregue em nossa Secretaria Escolar formalizando o pedido de transfer\u00eancia (hist\u00f3rico escolar para transfer\u00eancia).<\/p>\n\n\n\n<hr class=\"wp-block-separator has-alpha-channel-opacity\"\/>\n\n\n\n<div class=\"wp-block-cover is-light\"><img decoding=\"async\" width=\"1024\" height=\"923\" class=\"wp-block-cover__image-background wp-image-314 size-large\" alt=\"\" src=\"https:\/\/emeiefprada.com.br\/wp-content\/uploads\/2025\/07\/Gemini_Generated_Image_1a1wdp1a1wdp1a1w-2-1024x923.png\" data-object-fit=\"cover\" srcset=\"https:\/\/emeiefprada.com.br\/wp-content\/uploads\/2025\/07\/Gemini_Generated_Image_1a1wdp1a1wdp1a1w-2-1024x923.png 1024w, https:\/\/emeiefprada.com.br\/wp-content\/uploads\/2025\/07\/Gemini_Generated_Image_1a1wdp1a1wdp1a1w-2-300x270.png 300w, https:\/\/emeiefprada.com.br\/wp-content\/uploads\/2025\/07\/Gemini_Generated_Image_1a1wdp1a1wdp1a1w-2-768x692.png 768w, https:\/\/emeiefprada.com.br\/wp-content\/uploads\/2025\/07\/Gemini_Generated_Image_1a1wdp1a1wdp1a1w-2-1536x1385.png 1536w, https:\/\/emeiefprada.com.br\/wp-content\/uploads\/2025\/07\/Gemini_Generated_Image_1a1wdp1a1wdp1a1w-2.png 1888w\" sizes=\"(max-width: 1024px) 100vw, 1024px\" \/><span aria-hidden=\"true\" class=\"wp-block-cover__background has-background-dim\" style=\"background-color:#8e876c\"><\/span><div class=\"wp-block-cover__inner-container has-global-padding is-layout-constrained wp-block-cover-is-layout-constrained\">\n<p class=\"has-text-align-center has-base-color has-text-color has-link-color has-large-font-size wp-elements-0e8f0153fe7a8b953610e3d57dbe0083\">TRANSPORTE ESCOLAR<\/p>\n<\/div><\/div>\n\n\n\n<p class=\"has-alter-color has-secondary-background-color has-text-color has-background has-link-color wp-elements-53d2d60e92edd5a5e8645beacc196bde\">O <strong>Transporte Escolar Municipal Gratuito<\/strong> \u00e9 oferecido pela Secretaria Municipal de Educa\u00e7\u00e3o <strong>apenas<\/strong> quando a resid\u00eancia da crian\u00e7a est\u00e1 localizada a mais de 2 km da escola mais pr\u00f3xima e n\u00e3o h\u00e1 vaga na sua regi\u00e3o. Por isso, este servi\u00e7o n\u00e3o \u00e9 oferecido em nossa escola, pois n\u00e3o atendemos crian\u00e7as de regi\u00f5es em que n\u00e3o haja escola p\u00fablica.<\/p>\n\n\n\n<p>Para os demais casos, onde a fam\u00edlia deseja este servi\u00e7o, h\u00e1 duas op\u00e7\u00f5es:<\/p>\n\n\n\n<p>Cadastrar-se na <strong>Empresa SOU<\/strong> para adquirir o <strong>Cart\u00e3o de Estudante<\/strong>, que oferece desconto na passagem do Transporte P\u00fablico de Limeira.<\/p>\n\n\n\n<p>Entrar em contato diretamente com <strong>motoristas de vans particulares<\/strong> para contratar o servi\u00e7o. Disponibilizamos em nossa galeria de fotos, imagens dos cart\u00f5es de visitas de motoristas de Vans de Transporte Escolar que atendem a regi\u00e3o da nossa escola saindo dos bairros. <a href=\"https:\/\/emeiefprada.com.br\/?page_id=184\">Clique aqui para acessar a galeria.<\/a><\/p>\n\n\n\n<hr class=\"wp-block-separator has-alpha-channel-opacity\"\/>\n\n\n\n<div class=\"wp-block-cover is-light\"><img loading=\"lazy\" decoding=\"async\" width=\"576\" height=\"1024\" class=\"wp-block-cover__image-background wp-image-321 size-large\" alt=\"\" src=\"https:\/\/emeiefprada.com.br\/wp-content\/uploads\/2025\/07\/IMG-20250205-WA0032-576x1024.jpg\" style=\"object-position:50% 53%\" data-object-fit=\"cover\" data-object-position=\"50% 53%\" srcset=\"https:\/\/emeiefprada.com.br\/wp-content\/uploads\/2025\/07\/IMG-20250205-WA0032-576x1024.jpg 576w, https:\/\/emeiefprada.com.br\/wp-content\/uploads\/2025\/07\/IMG-20250205-WA0032-169x300.jpg 169w, https:\/\/emeiefprada.com.br\/wp-content\/uploads\/2025\/07\/IMG-20250205-WA0032.jpg 720w\" sizes=\"(max-width: 576px) 100vw, 576px\" \/><span aria-hidden=\"true\" class=\"wp-block-cover__background has-background-dim\" style=\"background-color:#9e947f\"><\/span><div class=\"wp-block-cover__inner-container has-global-padding is-layout-constrained wp-block-cover-is-layout-constrained\">\n<p class=\"has-text-align-center has-base-color has-text-color has-link-color has-large-font-size wp-elements-8ff5a0fec4aaa67d3ac05e723a734592\">UNIFORME ESCOLAR<\/p>\n<\/div><\/div>\n\n\n\n<div class=\"wp-block-media-text is-stacked-on-mobile has-base-color has-secondary-background-color has-text-color has-background has-link-color wp-elements-a6968e6d876a209a4a4cf0459ae10ad0\"><figure class=\"wp-block-media-text__media\"><img loading=\"lazy\" decoding=\"async\" width=\"1024\" height=\"768\" src=\"https:\/\/emeiefprada.com.br\/wp-content\/uploads\/2025\/07\/491545531_1263373415795491_5940446431810086227_n-2-1024x768.jpg\" alt=\"\" class=\"wp-image-324 size-full\" srcset=\"https:\/\/emeiefprada.com.br\/wp-content\/uploads\/2025\/07\/491545531_1263373415795491_5940446431810086227_n-2-1024x768.jpg 1024w, https:\/\/emeiefprada.com.br\/wp-content\/uploads\/2025\/07\/491545531_1263373415795491_5940446431810086227_n-2-300x225.jpg 300w, https:\/\/emeiefprada.com.br\/wp-content\/uploads\/2025\/07\/491545531_1263373415795491_5940446431810086227_n-2-768x576.jpg 768w, https:\/\/emeiefprada.com.br\/wp-content\/uploads\/2025\/07\/491545531_1263373415795491_5940446431810086227_n-2.jpg 1280w\" sizes=\"(max-width: 1024px) 100vw, 1024px\" \/><\/figure><div class=\"wp-block-media-text__content\">\n<p><\/p>\n\n\n\n<hr class=\"wp-block-separator has-alpha-channel-opacity\"\/>\n\n\n\n<p>O uso do&nbsp;<strong>uniforme escolar<\/strong>&nbsp;\u00e9 fundamental para criar um ambiente de aprendizado mais&nbsp;<strong>igualit\u00e1rio, seguro e focado<\/strong>. Ao padronizar a vestimenta, o uniforme minimiza as diferen\u00e7as sociais, promove o senso de&nbsp;<strong>pertencimento<\/strong>&nbsp;e facilita a&nbsp;<strong>identifica\u00e7\u00e3o<\/strong>&nbsp;dos alunos, aumentando a seguran\u00e7a de todos. Al\u00e9m disso, ele contribui para a disciplina e a concentra\u00e7\u00e3o nos estudos, preparando os alunos para futuros desafios e cria o sentimento de orgulho de fazer parte da escola.<\/p>\n\n\n\n<p>\u00c9&nbsp;<strong>essencial<\/strong>&nbsp;que o aluno utilize ao menos a&nbsp;<strong>camiseta da escola<\/strong>&nbsp;diariamente. Para as aulas de Educa\u00e7\u00e3o F\u00edsica, \u00e9&nbsp;<strong>obrigat\u00f3rio<\/strong>&nbsp;o uso de cal\u00e7a ou bermuda confort\u00e1vel e t\u00eanis, garantindo a seguran\u00e7a e o bom desempenho nas atividades.<\/p>\n\n\n\n<hr class=\"wp-block-separator has-alpha-channel-opacity\"\/>\n\n\n\n<p><\/p>\n<\/div><\/div>\n\n\n\n<p>Voc\u00ea pode adquirir o uniforme completo ou camiseta nos fornecedores de sua prefer\u00eancia. Abaixo, indicamos o telefone de algumas empresas que produzem o nosso uniforme, entre em contato diretamente com a empresa, n\u00e3o revendemos na escola. Caso voc\u00ea seja fornecedor e n\u00e3o encontre seu telefone aqui, entre em contato conosco e forne\u00e7a seus dados de contato.<\/p>\n\n\n\n<p>EMPRESAS QUE CONFECCIONAM UNIFORME DA ESCOLA PRADA:<\/p>\n\n\n\n<p>Mar\u00f4 Modas (Centro \u2013 Contato: Maria): (19) 3443-1053<\/p>\n\n\n\n<p>Sthalberg (Contato: In\u00eas): (19) 3451-0295<\/p>\n\n\n\n<p>Ateli\u00ea da Costura MM (Santa Eul\u00e1lia \u2013 Contato: M\u00f4nica Oliveira): (19) 3034-0289 | (19) 98183-7763<\/p>\n\n\n\n<hr class=\"wp-block-separator has-alpha-channel-opacity\"\/>\n\n\n\n<div class=\"wp-block-query is-layout-flow wp-block-query-is-layout-flow\">\n\n\n\n<div class=\"wp-block-query-no-results\">\n\n<p><\/p>\n\n<\/div><\/div>\n\n\n\n<hr class=\"wp-block-separator has-alpha-channel-opacity\"\/>\n","protected":false},"excerpt":{"rendered":"<p>ROLE A P\u00c1GINA PARA INFORMA\u00c7\u00d5ES SOBRE MATR\u00cdCULAS NOVAS, TRANSFER\u00caNCIAS, UNIFORME E TRANSPORTE ESCOLAR Matr\u00edculas Novas 1\u00aa Etapa da Educa\u00e7\u00e3o Infantil ou 1\u00ba ano do Ensino Fundamental: procure uma escola p\u00fablica e solicite o cadastro de matr\u00edcula de aluno &#8220;Fora da Rede&#8221;. O Sistema SED buscar\u00e1 uma vaga dispon\u00edvel na escola mais pr\u00f3xima do seu endere\u00e7o.&hellip;<\/p>\n","protected":false},"author":1,"featured_media":0,"parent":0,"menu_order":0,"comment_status":"closed","ping_status":"closed","template":"","meta":{"footnotes":""},"class_list":["post-224","page","type-page","status-publish","hentry"],"_links":{"self":[{"href":"https:\/\/emeiefprada.com.br\/index.php?rest_route=\/wp\/v2\/pages\/224","targetHints":{"allow":["GET"]}}],"collection":[{"href":"https:\/\/emeiefprada.com.br\/index.php?rest_route=\/wp\/v2\/pages"}],"about":[{"href":"https:\/\/emeiefprada.com.br\/index.php?rest_route=\/wp\/v2\/types\/page"}],"author":[{"embeddable":true,"href":"https:\/\/emeiefprada.com.br\/index.php?rest_route=\/wp\/v2\/users\/1"}],"replies":[{"embeddable":true,"href":"https:\/\/emeiefprada.com.br\/index.php?rest_route=%2Fwp%2Fv2%2Fcomments&post=224"}],"version-history":[{"count":33,"href":"https:\/\/emeiefprada.com.br\/index.php?rest_route=\/wp\/v2\/pages\/224\/revisions"}],"predecessor-version":[{"id":637,"href":"https:\/\/emeiefprada.com.br\/index.php?rest_route=\/wp\/v2\/pages\/224\/revisions\/637"}],"wp:attachment":[{"href":"https:\/\/emeiefprada.com.br\/index.php?rest_route=%2Fwp%2Fv2%2Fmedia&parent=224"}],"curies":[{"name":"wp","href":"https:\/\/api.w.org\/{rel}","templated":true}]}}